0) + -1 + (-8 - (-1 - 2)).
-9
Calculate (933 - 924) + -29 + -1.
-21
Calculate (57 - 31) + (-2 - 8).
16
What is -44 - (10 + (-2 - (8 - -14 - 4)))?
-34
What is the value of 13 + (2 - 9) + 15 + -2?
19
1 + 12 + -7 + -11 + 5 + 3
3
Calculate 40 + -67 + (46 - -4).
23
2 - 10 - (20 - (17 + -1) - 4)
-8
Calculate -5 + 4 + -15 + 14.
-2
Calculate 9 + 6 + -20 + 8.
3
What is the value of (-7 - (-3 - 1)) + (-30 - -22) - -31?
20
Calculate -3 + 4 + -2 + -1 - (38 - 42).
2
Calculate (-2 - -5) + -1 - ((-58 - -26) + 25).
9
Calculate 18 - 9 - 5 - 19.
-15
((4 - 1) + 6 - 40) + 11
-20
Evaluate -3 - (1 - (-1 + 7)) - -6.
8
Evaluate 12 - 5 - (-3 - 19) - 12.
17
Evaluate -13 - (34 - (1 - -15)) - -1.
-30
What is -22 - (-2 - (0 - -10))?
-10
What is 3 - (13 - (-9 - (13 - 13)))?
-19
14 - 1 - (1 - -15)
-3
What is -18 + (11 - -6) - 8?
-9
-12 + (-25 + 10 - -10) + 4 + 2
-11
24 + -8 + (-2 - (-6 + 6))
14
-20 - 1 - -14 - -8
1
Calculate -123 + 51 + 62 - (2 + 21 - 0).
-33
What is the value of -3 + 4 + (-6 - (-7 - 0)) + -5?
-3
Evaluate -1 + 4 - (21 + -22).
4
10 - (0 - (-7 + 0 + 11))
14
-4 - (29 + -56 + 46)
-23
Evaluate (8 - 8) + -13 - -8.
-5
What is (103 - 106) + (-5 - -1)?
-7
What is (-27 - -2) + 8 + (-5 - -16) + -26?
-32
Evaluate 10 + 6 + -1 + -5 + 3.
13
Calculate (57 - 43) + (-11 - 0) - 10.
-7
Evaluate -6 + -7 + -12 + 6 + 7.
-12
-1 + 38 + (-22 - -19) - (-1 - -7)
28
What is (7 - 2) + 13 + (-1 - -13) + -23?
7
What is the value of 48 + -42 - (-5 + 1)?
10
Calculate (-7 - (4 - 5)) + 14 + -8.
0
What is the value of -2 + (8 - 2 - (43 - 45))?
6
Evaluate -21 + 8 + 6 + -10 + 1.
-16
-27 - ((-11 - -15 - -2) + -9)
-24
Calculate -22 + 4 + (88 - 60).
10
-10 - (-16 - (-12 - 17))
-23
What is -14 - (-19 - 8) - 17?
-4
What is 1 + 13 + 9 + 0 + (0 - 5)?
18
Evaluate 7 - ((81 - 82) + (-2 - (-4 - -10))).
16
9 - 5 - -1 - 4 - (-8 + 6)
3
What is the value of (-8 - (-5 - -7)) + (6 - 6) + 25?
15
Evaluate (10 - 12) + (7 - 3).
2
What is 506 + -520 - ((-37 - 0) + 1)?
22
What is the value of (-50 - (25 + -50)) + -7 + 10?
-22
-4 + 4 + -8 + 18 - 4
6
(5 - -2) + (8 - (-1 - -8))
8
Calculate -13 - (6 + -10 + (-2 + -4 - -11)).
-14
Calculate -6 - (-2 - -5 - -3 - 2).
-10
Calculate 743 + -748 - (-11 - (-2 + 1)).
5
What is the value of 4 + (-1 - 2 - -6) + -6 - 11?
-10
What is the value of (-8 - (-11 - -6)) + 0 + 5 + 3?
5
Evaluate 2 + 26 - ((-28 - 11) + 47).
20
What is the value of 14 + (-7 - (1 + 10 + -13)) - -20?
29
What is (-2 - -13) + (-3 - -1)?
9
What is the value of 27 - -1 - (1279 + -1263)?
12
Evaluate 4 + 28 + -41 + 16.
7
What is the value of (11 - 8) + -1 + 1 - (89 + -90)?
4
What is the value of 2 + (-28 - -2) - (6 + -14 + 0)?
-16
-2 + (1 + -8 - (-12 - -8)) + 3
-2
(-7 - 23) + 20 - -28
18
Calculate -1 - 3 - (-66 - -52).
10
0 - 25 - (7 - (-48 + 62))
-18
Calculate -2 + -25 - (-7 + -2 + -121 + 124).
-21
11 + -12 + 10 + 6 - 2
13
What is the value of 36 - (-1 + (13 - -17))?
7
Evaluate -3 + 15 + -17 + 14.
9
What is 1 - (1 - 6 - 2) - (7 - 1)?
2
Evaluate (0 - (2 + -1 + 20)) + 8.
-13
What is the value of -3 + -2 - (1 - 6)?
0
What is -1 + 5 + -15 + 22 + -5 + -26?
-20
Calculate -6 - -1 - (-1 - (9 + -10)) - -7.
2
Calculate 3 + 3 + (32 - 23).
15
3 + 23 - (-4 + 19 + -6 + 0)
17
What is 9 + (13 - (-11 - -19)) + 2 + -15?
1
What is (-16 - -15) + -12 + -1?
-14
What is 0 + (5 - 6 - -1 - (-7 - 3))?
10
What is -6 + (3 - (-2 - -2)) + -2?
-5
Calculate 1 + -53 + 26 + 10 + -2 + 7.
-11
What is 5 + (-4 + 0 + 0 - -5) + 5?
11
What is 2 + (0 - 4) + (-17 - -34) + -25?
-10
Calculate (-47 + 48 - (-1 - -1) - 1) + 7.
7
What is (-3 - 8) + 0 - (1 + -6)?
-6
What is -14 - 2 - (-332 - -315)?
1
What is -3 + -8 - (-19 + 1) - (21 - 2)?
-12
-15 - (20 - 10) - (-13 + 5)
-17
Calculate -61 + 90 + -31 - ((-1 - -1) + -8).
6
What is 27 - (34 + (-22 - -20))?
-5
Calculate 0 + -4 + (-29 + 88 - 57).
-2
What is the value of -15 + 5 + -5 + (-1 - (-3 + -4))?
-9
Calculate 18 - (39 + 13 - 4).
-30
Calculate 1 - 4 - (-16 - 7 - -29).
-9
Evaluate (-77 - -61) + (0 - 1) + -3.
-20
What is the value of 0 + (3 - 7) - ((2 - 1) + -2)?
-3
Calculate 7 + 3 - (-482 + 512).
-20
What is 3 - ((2 - 1 - (10 + -10)) + 3)?
-1
(-168 - -154 - (-1 - 6)) + (-1 - -5)
-3
(3 - (-27 - (5 + -46))) + (15 - 0)
4
What is the value of -2 + 3 + -1 + 34 + -41?
-7
Evaluate -12 - 5 - (-50 - -47).
-14
What is (16 - 1) + (17 - -22) + -43?
11
What is the value of 1 + (-6 - 2) + 15?
8
What is -17 - (14 + -4 + 6 + -30)?
-3
4 - ((-3 - -2) + -20 + 18) - 1
6
Evaluate 10 - (-7 + 5) - (72 - 77).
17
Evaluate (30 - (-18 - -42)) + (-1 - 3).
2
Calculate -4 + -4 + 17 + (0 - 15).
-6
(-13 - -4 - (0 - 8)) + -2 + 10
7
What is the value of 2 + 7 - (7 - 9) - -13?
24
Calculate 0 - 4 - -11 - (24 + -33).
16
What is the value of (1 - (6 - ((8 - 1) + -1))) + 6?
7
(-9 + -1 - -11) + (0 - -10)
11
Calculate (-38 - 3) + (-10 - -15 - -4).
-32
Calculate 6 + 2 - (-19 - (0 - 17)).
10
What is the value of -8 + -2 + -5 + 1?
-14
263 - 266 - (2 - (7 - 1 - 2))
-1
What is 8 - 4 - (-111 - -114 - (1 + -1))?
1
Calculate 39 + -29 - (3 + -1).
8
Calculate (-14 + 23 - (0 + 2)) + -18.
-11
What is 5 + (-3 - 2) - (8 + -4)?
-4
Evaluate -2 - 4 - (-7 + 6 + -13).
8
Calculate -6 + 8 + -15 + (-7 - -5).
-15
What is 6 + -10 + 6 + -17?
-15
Calculate 50 - (48 - (-2 - -20)).
20
Evaluate -19 + (-6 - 6 - -37).
6
-1 - 27 - (232 + -261)
1
What is the value of (-1 - 13) + -294 + 335?
27
What is the value of 4 + 4 + -12 - -2?
-2
9 - (0 - -5) - (-37 + 31)
10
-27 + (11 - -9) - -5 - 4
-6
Calculate -15 + -7 + 23 - 6.
-5
Calculate (5 - (-12 + 33) - -21) + -1 + 21.
25
What is (-22 - 12) + 7 - -21?
-6
What is the value of -187 - -186 - (-16 + 2 + 3 + -6)?
16
Calculate -11 + (9 + -6 + -5 - -1).
-12
Calculate 5 + 0 + (364 - 366) - 8.
-5
What is the value of -4 - (-5 + -2 + 7 + -1)?
-3
Calculate -36 + -32 + (-13 - -74).
-7
Calculate (-21 - (-4 - 8)) + 8.
-1
What is -2 + 5 + -1 + -7 + 9?
4
0 + (-1 - -6) + 0 + 2 - 21
-14
What is -20 - -1 - (70 + -116 + 24)?
3
-13 + (-8 + (1 - 0) - (158 - 169))
-9
What is the value of (-579 - -569) + (2 - 8 - 1)?
-17
Evaluate 15 + -30 + (52 - 34).
3
What is the value of -27 + 5 + 41 - 26?
-7
-29 - -36 - 17 - (0 - 18)
8
4 - (37 + -44 + 0 + 8)
3
Evaluate 67 + -64 + 3 + -3.
3
What is (-185 - -169) + (-3 - -1) + 2 + 2?
-14
What is the value of 305 + -321 + (10 - (3 - 6))?
-3
Evaluate (2157 - 2132) + (0 - 11) + 0.
14
10 + (-6 - -5) + -2
7
(9 + 1 - 20) + 42 + -7
25
-10 - (12 - (1 - -5)) - 12
-28
What is the value of -10 + 7 + 20 + -7 + -27?
-17
Calculate -11 + (-9 - -27) + -14.
-7
Evaluate -2 + (-1 - 6) - (24 + -29 + 9).
-13
13 - 2 - -2 - 12
1
(9 - (-9 + 11 + 6)) + -5 + 16
12
Evaluate 23 + -12 - (11 + -1 - (0 + 0)).
1
What is -84 + 93 - (1 + 8) - 8?
-8
What is the value of -4 + 6 - (17 - (5 - -6))?
-4
2 - (1 - -1) - (51 + -92 - -31)
10
What is the value of 2 - -2 - 13 - (47 - 39)?
-17
Evaluate 10 + (-12 - -8) + 5 + (0 - 2).
9
5 - (11 - (0 + 12))
6
What is the value of 0 - (4 - (8 - 3) - 7)?
8
What is (0 - -3) + (-20 - -25)?
8
(-5 - (5 + 0)) + (1 - -1) + 5
-3
-1 - (-29 - (-2 + -15))
11
What is (11 - 1 - (-22 + 23 + 10)) + -1?
-2
Calculate (10 - 7) + -28 + 6.
-19
(-59 + 30 - -23) + 9 + 1
4
Evaluate (9 - 4) + 4 + (-117 - -85).
-23
36 + -14 + -30 + -5
-13
1 - -18 - (-25 - -31)
13
Calculate (-2 - ((-44 - (-4 + -3)) + 9)) + 5.
31
(12 - (1 - -6)) + 8 + -6 + -18
-11
Calculate (50 - 14) + -15 - 36.
-15
What is 2 + (4 - (1 + -10))?
15
Evaluate 18 - (-14 - 6 - -38).
0
What is -5 + (-1 - (5 + -30 + 5)) + -1?
13
Evaluate (-16 - -1) + (-3 - -1 - (2 + -10)).
-9
What is the value of 4 + -3 + -13 + (-17 - -27)?
-2
What is -9 + 6 - (1 - (-3 - -4) - -5)?
-8
Calculate 41 - (29 - 46 - -28).
30
What is 0 - -10 - (-42 + 17 - -34)?
1
Evaluate 0 + -6 + 10 + (-8 - (-4 - -9)).
-9
What is -3 - ((-25 - -31) + (-1 - 9)) - 14?
-13
Evaluate 21 - ((10 - 23) + 25).
9
Calculate (-9 - (6 + 0) - -32) + -47.
-30
What is the value of -34 - (31 + -77) - 26?
-14
Calculate -13 - (-12 - -5) - 10.
-16
Evaluate 18 + -2 - (87 - 80).
9
What is the value of -12 - (6 + -13) - (-2 - -3)?
-6
Evaluate 9 + -1 - (2 + (-13 - 15) + 17).
17
-16 - (-24 + 27 + -18)
-1
-32 - (2 - (-23 - -32))
-25
Calculate 21 + (-14 - 0) + 8.
15
Evaluate 4 - (-15 + 35) - -12.
-4
What is the value of (34 - (0 + 22)) + 1 + (1 - -6)?
20
Calculate (-27 + 30 - -7) + -2.
8
-7 - (1 + -12 - (195 + -209))
-10
Evaluate 13 + 4 + -37 - 8.
-28
10 + (-31 